{"id":410,"date":"2022-05-14T23:35:09","date_gmt":"2022-05-14T23:35:09","guid":{"rendered":"https:\/\/www.vertebres.es\/cs\/?page_id=410"},"modified":"2022-05-14T23:37:27","modified_gmt":"2022-05-14T23:37:27","slug":"ejercicio-terapeutico","status":"publish","type":"page","link":"https:\/\/www.vertebres.es\/cs\/ejercicio-terapeutico\/","title":{"rendered":"Ejercicio terap\u00e9utico"},"content":{"rendered":"\n<blockquote class=\"wp-block-quote is-layout-flow wp-block-quote-is-layout-flow\"><p><em>es cierto que todos necesitan ejercicio, pero no todos los ejercicios pueden recomendarse para todos los individuos, y no todos los individuos pueden realizar un ejercicio concreto de la misma manera<\/em><\/p><cite><a rel=\"noreferrer noopener\" href=\"http:\/\/books.google.es\/books?id=9KyKGZe8A14C&amp;pg=PT7&amp;lpg=PT7&amp;dq=diagnostico+y+tratamiento+movimiento+sharmann&amp;source=bl&amp;ots=xu_HXpBIRp&amp;sig=fFes7Wj5bN5Sc86k1-F3IzoQhCw&amp;hl=ca&amp;sa=X&amp;ei=HbG6UsvZDuai0QWY4IDQDw&amp;ved=0CD8Q6AEwAQ#v=onepage&amp;q=diagnostico%20y%20tratamiento%20movimiento%20sharmann&amp;f=false\" target=\"_blank\">Sahrmann S., 2005<\/a><\/cite><\/blockquote>\n\n\n\n<p>El pasado 18 de Diciembre se celebr\u00f3 la\u00a0<a rel=\"noreferrer noopener\" href=\"http:\/\/ujiapps.uji.es\/com\/agenda\/2013\/12\/18\/jornada-fisioterapia\/\" target=\"_blank\">I Jornada de Fisioterapia de la UJI<\/a>\u00a0con el tema principal de esta primera edici\u00f3n,\u00a0<strong>los ejercicios terap\u00e9uticos.\u00a0<\/strong>Los asistentes tuvimos el privilegio y el placer de escuchar la documentada exposici\u00f3n por parte de Jos\u00e9 A. Polo Traverso PT,DPT,FAAOMPT, CFCE, CCCE).<\/p>\n\n\n\n<div class=\"wp-block-columns is-layout-flex wp-container-core-columns-is-layout-9d6595d7 wp-block-columns-is-layout-flex\">\n<div class=\"wp-block-column is-layout-flow wp-block-column-is-layout-flow\" style=\"flex-basis:66.66%\">\n<p>En ella se hizo referencia a la hora de realizar ejercicios o actividades deportivas, la importancia de las pautas marcadas por el profesional correspondiente seg\u00fan el objetivo deseado.<\/p>\n\n\n\n<p>En este caso, cuando se efect\u00faan ejercicios con un fin terap\u00e9utico, el profesional adecuado es el fisioterapeuta.<a rel=\"noreferrer noopener\" href=\"http:\/\/www.apta.org\/uploadedFiles\/APTAorg\/About_Us\/Policies\/BOD\/Practice\/CriteriaforStandardsofPractice.pdf\" target=\"_blank\">(1)<\/a>,<a rel=\"noreferrer noopener\" href=\"https:\/\/www.google.es\/url?sa=t&amp;rct=j&amp;q=&amp;esrc=s&amp;source=web&amp;cd=1&amp;cad=rja&amp;ved=0CEAQFjAA&amp;url=http%3A%2F%2Fwww.moveforwardpt.com%2Fasset.axd%3Fid%3D7531c13f-9696-419a-9c72-6eddb3bea462&amp;ei=5w-7UpOLAerI0wXy6YDIAQ&amp;usg=AFQjCNHFiajQgQeKm1p70ENDEfLIhs1b1Q&amp;sig2=22ynfAkuc0RyW8s8r6x9rw\" target=\"_blank\">(2)<\/a><\/p>\n<\/div>\n\n\n\n<div class=\"wp-block-column is-layout-flow wp-block-column-is-layout-flow\" style=\"flex-basis:33.33%\">\n<figure class=\"wp-block-image size-full\"><img loading=\"lazy\" decoding=\"async\" width=\"200\" height=\"103\" src=\"https:\/\/www.vertebres.es\/cs\/wp-content\/uploads\/2022\/05\/natacion-dolor.gif\" alt=\"\" class=\"wp-image-411\"\/><\/figure>\n<\/div>\n<\/div>\n\n\n\n<p>Es una de las herramientas de la fisioterapia con mucha evidencia cient\u00edfica.\u00a0<a rel=\"noreferrer noopener\" href=\"http:\/\/www.jospt.org\/doi\/full\/10.2519\/jospt.2012.42.4.A1#.UrsSoPFBMSg\" target=\"_blank\">(3)<\/a><a href=\"https:\/\/www.vertebres.es\/paginas\/images\/imagendef.jpg\"><\/a>\u00a0<\/p>\n\n\n\n<div class=\"wp-block-columns is-layout-flex wp-container-core-columns-is-layout-9d6595d7 wp-block-columns-is-layout-flex\">\n<div class=\"wp-block-column is-layout-flow wp-block-column-is-layout-flow\">\n<figure class=\"wp-block-image size-large\"><img loading=\"lazy\" decoding=\"async\" width=\"1024\" height=\"685\" src=\"https:\/\/www.vertebres.es\/cs\/wp-content\/uploads\/2022\/05\/imagendef-1024x685.jpg\" alt=\"\" class=\"wp-image-170\" srcset=\"https:\/\/www.vertebres.es\/cs\/wp-content\/uploads\/2022\/05\/imagendef-1024x685.jpg 1024w, https:\/\/www.vertebres.es\/cs\/wp-content\/uploads\/2022\/05\/imagendef-300x201.jpg 300w, https:\/\/www.vertebres.es\/cs\/wp-content\/uploads\/2022\/05\/imagendef-768x514.jpg 768w, https:\/\/www.vertebres.es\/cs\/wp-content\/uploads\/2022\/05\/imagendef-1536x1028.jpg 1536w, https:\/\/www.vertebres.es\/cs\/wp-content\/uploads\/2022\/05\/imagendef.jpg 1600w\" sizes=\"auto, (max-width: 1024px) 100vw, 1024px\" \/><figcaption>\u00bfCreen que esta mujer deber\u00eda nadar?<\/figcaption><\/figure>\n<\/div>\n\n\n\n<div class=\"wp-block-column is-layout-flow wp-block-column-is-layout-flow\">\n<p>Los beneficios de la actividad f\u00edsica se remonta desde la antigua grecia. Los\u00a0<em>Gymn\u00e1stai,<\/em>\u00a0eran los sanadores especialistas de la medicina popular y emp\u00edrica griega que usaban como tratamiento el ejercicio f\u00edsico.<\/p>\n\n\n\n<p>En la antigua Roma, Claudio Galeno y Celio Aureliano ya mencionaban la importancia de dosificar y pautar el ejercicio.<a rel=\"noreferrer noopener\" href=\"http:\/\/www.axon.es\/Axon\/LibroFicha.asp?Libro=80402\" target=\"_blank\">(4)<\/a><\/p>\n<\/div>\n<\/div>\n\n\n\n<p>Actualmente, est\u00e1 asentada en la sociedad la relaci\u00f3n entre ejercicio f\u00edsico y salud.<\/p>\n\n\n\n<p>Existen numerosos estudios que lo constatan como lo aconsejan los departamentos sanitarios de la mayor\u00eda de los pa\u00edses desarrollados.<a rel=\"noreferrer noopener\" href=\"http:\/\/well.blogs.nytimes.com\/2013\/05\/29\/is-it-better-to-walk-or-run\/?_r=0\" target=\"_blank\">(5)<\/a><\/p>\n\n\n\n<div class=\"wp-block-columns is-layout-flex wp-container-core-columns-is-layout-9d6595d7 wp-block-columns-is-layout-flex\">\n<div class=\"wp-block-column is-layout-flow wp-block-column-is-layout-flow\">\n<p>Estos son algunos comentarios que recibimos habitualmente los fisioterapeutas por parte de pacientes, familiares o amigos: \u00abLlevo tiempo haciendo nataci\u00f3n y no noto mejor\u00eda\u00bb o \u00abhago Pilates pero sigo igual o incluso peor\u00bb.<\/p>\n\n\n\n<p>En la prescripci\u00f3n de los ejercicios terap\u00e9uticos existen m\u00faltiples factores a tener en cuenta como el historial cl\u00ednico del paciente, el tipo y la ejecuci\u00f3n del ejercicio, la frecuencia, la intensidad, el desequilibrio m\u00fasculo-esquel\u00e9tico a tratar, entre otros.\u00a0<a rel=\"noreferrer noopener\" href=\"https:\/\/docs.google.com\/viewer?url=http%3A%2F%2Fwww.setantacollege.com%2Fwp-content%2Fuploads%2FJournal_db%2FFundamentals%2520of%2520Resistance%2520Training.pdf\" target=\"_blank\">(4)<\/a><\/p>\n<\/div>\n\n\n\n<div class=\"wp-block-column is-layout-flow wp-block-column-is-layout-flow\">\n<figure class=\"wp-block-image size-large\"><img loading=\"lazy\" decoding=\"async\" width=\"1024\" height=\"685\" src=\"https:\/\/www.vertebres.es\/cs\/wp-content\/uploads\/2022\/05\/imagendef2-1024x685.jpg\" alt=\"\" class=\"wp-image-171\" srcset=\"https:\/\/www.vertebres.es\/cs\/wp-content\/uploads\/2022\/05\/imagendef2-1024x685.jpg 1024w, https:\/\/www.vertebres.es\/cs\/wp-content\/uploads\/2022\/05\/imagendef2-300x201.jpg 300w, https:\/\/www.vertebres.es\/cs\/wp-content\/uploads\/2022\/05\/imagendef2-768x514.jpg 768w, https:\/\/www.vertebres.es\/cs\/wp-content\/uploads\/2022\/05\/imagendef2-1536x1028.jpg 1536w, https:\/\/www.vertebres.es\/cs\/wp-content\/uploads\/2022\/05\/imagendef2.jpg 1600w\" sizes=\"auto, (max-width: 1024px) 100vw, 1024px\" \/><figcaption>\u00bfCreen que esta mujer deber\u00eda hacer yoga o estiramientos?<\/figcaption><\/figure>\n<\/div>\n<\/div>\n\n\n\n<p>Tambi\u00e9n existen otros factores a tener en cuenta como lo son los conocimientos fisiopatol\u00f3gicos \u00a0y terap\u00e9uticos necesarios y acreditados. De lo contrario el ejercicio planificado o entablado ser\u00e1 inocuo o perjudicial y podr\u00eda llegar a ser beneficioso pero ser\u00eda de una forma aleatoria y fortuita.<a rel=\"noreferrer noopener\" href=\"http:\/\/www.apta.org\/uploadedFiles\/APTAorg\/About_Us\/Policies\/BOD\/Practice\/CriteriaforStandardsofPractice.pdf\" target=\"_blank\">(1)<\/a>,<a rel=\"noreferrer noopener\" href=\"https:\/\/www.google.es\/url?sa=t&amp;rct=j&amp;q=&amp;esrc=s&amp;source=web&amp;cd=1&amp;cad=rja&amp;ved=0CEAQFjAA&amp;url=http%3A%2F%2Fwww.moveforwardpt.com%2Fasset.axd%3Fid%3D7531c13f-9696-419a-9c72-6eddb3bea462&amp;ei=5w-7UpOLAerI0wXy6YDIAQ&amp;usg=AFQjCNHFiajQgQeKm1p70ENDEfLIhs1b1Q&amp;sig2=22ynfAkuc0RyW8s8r6x9rw\" target=\"_blank\">(2)<\/a>&lt;<\/p>\n","protected":false},"excerpt":{"rendered":"<p>es cierto que todos necesitan ejercicio, pero no todos los ejercicios pueden recomendarse para todos los individuos, y no todos los individuos pueden realizar un ejercicio concreto de&#46;&#46;&#46;<\/p>\n","protected":false},"author":1,"featured_media":0,"parent":0,"menu_order":0,"comment_status":"closed","ping_status":"closed","template":"","meta":{"footnotes":""},"class_list":["post-410","page","type-page","status-publish","hentry"],"_links":{"self":[{"href":"https:\/\/www.vertebres.es\/cs\/wp-json\/wp\/v2\/pages\/410","targetHints":{"allow":["GET"]}}],"collection":[{"href":"https:\/\/www.vertebres.es\/cs\/wp-json\/wp\/v2\/pages"}],"about":[{"href":"https:\/\/www.vertebres.es\/cs\/wp-json\/wp\/v2\/types\/page"}],"author":[{"embeddable":true,"href":"https:\/\/www.vertebres.es\/cs\/wp-json\/wp\/v2\/users\/1"}],"replies":[{"embeddable":true,"href":"https:\/\/www.vertebres.es\/cs\/wp-json\/wp\/v2\/comments?post=410"}],"version-history":[{"count":2,"href":"https:\/\/www.vertebres.es\/cs\/wp-json\/wp\/v2\/pages\/410\/revisions"}],"predecessor-version":[{"id":415,"href":"https:\/\/www.vertebres.es\/cs\/wp-json\/wp\/v2\/pages\/410\/revisions\/415"}],"wp:attachment":[{"href":"https:\/\/www.vertebres.es\/cs\/wp-json\/wp\/v2\/media?parent=410"}],"curies":[{"name":"wp","href":"https:\/\/api.w.org\/{rel}","templated":true}]}}

Ejercicio terapéutico

<blockquote class="wp-block-quote is-layout-flow wp-block-quote-is-layout-flow"><p><em>es cierto que todos necesitan ejercicio, pero no todos los ejercicios pueden recomendarse para todos los individuos, y no todos los individuos pueden realizar un ejercicio concreto de la misma manera</em></p><cite><a rel="noreferrer noopener" href="http://books.google.es/books?id=9KyKGZe8A14C&amp;pg=PT7&amp;lpg=PT7&amp;dq=diagnostico+y+tratamiento+movimiento+sharmann&amp;source=bl&amp;ots=xu_HXpBIRp&amp;sig=fFes7Wj5bN5Sc86k1-F3IzoQhCw&amp;hl=ca&amp;sa=X&amp;ei=HbG6UsvZDuai0QWY4IDQDw&amp;ved=0CD8Q6AEwAQ#v=onepage&amp;q=diagnostico%20y%20tratamiento%20movimiento%20sharmann&amp;f=false" target="_blank">Sahrmann S., 2005</a></cite></blockquote>



<p>El pasado 18 de Diciembre se celebró la <a rel="noreferrer noopener" href="http://ujiapps.uji.es/com/agenda/2013/12/18/jornada-fisioterapia/" target="_blank">I Jornada de Fisioterapia de la UJI</a> con el tema principal de esta primera edición, <strong>los ejercicios terapéuticos. </strong>Los asistentes tuvimos el privilegio y el placer de escuchar la documentada exposición por parte de José A. Polo Traverso PT,DPT,FAAOMPT, CFCE, CCCE).</p>



<div class="wp-block-columns is-layout-flex wp-container-core-columns-is-layout-9d6595d7 wp-block-columns-is-layout-flex">
<div class="wp-block-column is-layout-flow wp-block-column-is-layout-flow" style="flex-basis:66.66%">
<p>En ella se hizo referencia a la hora de realizar ejercicios o actividades deportivas, la importancia de las pautas marcadas por el profesional correspondiente según el objetivo deseado.</p>



<p>En este caso, cuando se efectúan ejercicios con un fin terapéutico, el profesional adecuado es el fisioterapeuta.<a rel="noreferrer noopener" href="http://www.apta.org/uploadedFiles/APTAorg/About_Us/Policies/BOD/Practice/CriteriaforStandardsofPractice.pdf" target="_blank">(1)</a>,<a rel="noreferrer noopener" href="https://www.google.es/url?sa=t&amp;rct=j&amp;q=&amp;esrc=s&amp;source=web&amp;cd=1&amp;cad=rja&amp;ved=0CEAQFjAA&amp;url=http%3A%2F%2Fwww.moveforwardpt.com%2Fasset.axd%3Fid%3D7531c13f-9696-419a-9c72-6eddb3bea462&amp;ei=5w-7UpOLAerI0wXy6YDIAQ&amp;usg=AFQjCNHFiajQgQeKm1p70ENDEfLIhs1b1Q&amp;sig2=22ynfAkuc0RyW8s8r6x9rw" target="_blank">(2)</a></p>
</div>



<div class="wp-block-column is-layout-flow wp-block-column-is-layout-flow" style="flex-basis:33.33%">
<figure class="wp-block-image size-full"><img loading="lazy" decoding="async" width="200" height="103" src="https://www.vertebres.es/cs/wp-content/uploads/2022/05/natacion-dolor.gif" alt="" class="wp-image-411"/></figure>
</div>
</div>



<p>Es una de las herramientas de la fisioterapia con mucha evidencia científica. <a rel="noreferrer noopener" href="http://www.jospt.org/doi/full/10.2519/jospt.2012.42.4.A1#.UrsSoPFBMSg" target="_blank">(3)</a><a href="https://www.vertebres.es/paginas/images/imagendef.jpg"></a> </p>



<div class="wp-block-columns is-layout-flex wp-container-core-columns-is-layout-9d6595d7 wp-block-columns-is-layout-flex">
<div class="wp-block-column is-layout-flow wp-block-column-is-layout-flow">
<figure class="wp-block-image size-large"><img loading="lazy" decoding="async" width="1024" height="685" src="https://www.vertebres.es/cs/wp-content/uploads/2022/05/imagendef-1024x685.jpg" alt="" class="wp-image-170" srcset="https://www.vertebres.es/cs/wp-content/uploads/2022/05/imagendef-1024x685.jpg 1024w, https://www.vertebres.es/cs/wp-content/uploads/2022/05/imagendef-300x201.jpg 300w, https://www.vertebres.es/cs/wp-content/uploads/2022/05/imagendef-768x514.jpg 768w, https://www.vertebres.es/cs/wp-content/uploads/2022/05/imagendef-1536x1028.jpg 1536w, https://www.vertebres.es/cs/wp-content/uploads/2022/05/imagendef.jpg 1600w" sizes="auto, (max-width: 1024px) 100vw, 1024px" /><figcaption>¿Creen que esta mujer debería nadar?</figcaption></figure>
</div>



<div class="wp-block-column is-layout-flow wp-block-column-is-layout-flow">
<p>Los beneficios de la actividad física se remonta desde la antigua grecia. Los <em>Gymnástai,</em> eran los sanadores especialistas de la medicina popular y empírica griega que usaban como tratamiento el ejercicio físico.</p>



<p>En la antigua Roma, Claudio Galeno y Celio Aureliano ya mencionaban la importancia de dosificar y pautar el ejercicio.<a rel="noreferrer noopener" href="http://www.axon.es/Axon/LibroFicha.asp?Libro=80402" target="_blank">(4)</a></p>
</div>
</div>



<p>Actualmente, está asentada en la sociedad la relación entre ejercicio físico y salud.</p>



<p>Existen numerosos estudios que lo constatan como lo aconsejan los departamentos sanitarios de la mayoría de los países desarrollados.<a rel="noreferrer noopener" href="http://well.blogs.nytimes.com/2013/05/29/is-it-better-to-walk-or-run/?_r=0" target="_blank">(5)</a></p>



<div class="wp-block-columns is-layout-flex wp-container-core-columns-is-layout-9d6595d7 wp-block-columns-is-layout-flex">
<div class="wp-block-column is-layout-flow wp-block-column-is-layout-flow">
<p>Estos son algunos comentarios que recibimos habitualmente los fisioterapeutas por parte de pacientes, familiares o amigos: «Llevo tiempo haciendo natación y no noto mejoría» o «hago Pilates pero sigo igual o incluso peor».</p>



<p>En la prescripción de los ejercicios terapéuticos existen múltiples factores a tener en cuenta como el historial clínico del paciente, el tipo y la ejecución del ejercicio, la frecuencia, la intensidad, el desequilibrio músculo-esquelético a tratar, entre otros. <a rel="noreferrer noopener" href="https://docs.google.com/viewer?url=http%3A%2F%2Fwww.setantacollege.com%2Fwp-content%2Fuploads%2FJournal_db%2FFundamentals%2520of%2520Resistance%2520Training.pdf" target="_blank">(4)</a></p>
</div>



<div class="wp-block-column is-layout-flow wp-block-column-is-layout-flow">
<figure class="wp-block-image size-large"><img loading="lazy" decoding="async" width="1024" height="685" src="https://www.vertebres.es/cs/wp-content/uploads/2022/05/imagendef2-1024x685.jpg" alt="" class="wp-image-171" srcset="https://www.vertebres.es/cs/wp-content/uploads/2022/05/imagendef2-1024x685.jpg 1024w, https://www.vertebres.es/cs/wp-content/uploads/2022/05/imagendef2-300x201.jpg 300w, https://www.vertebres.es/cs/wp-content/uploads/2022/05/imagendef2-768x514.jpg 768w, https://www.vertebres.es/cs/wp-content/uploads/2022/05/imagendef2-1536x1028.jpg 1536w, https://www.vertebres.es/cs/wp-content/uploads/2022/05/imagendef2.jpg 1600w" sizes="auto, (max-width: 1024px) 100vw, 1024px" /><figcaption>¿Creen que esta mujer debería hacer yoga o estiramientos?</figcaption></figure>
</div>
</div>



<p>También existen otros factores a tener en cuenta como lo son los conocimientos fisiopatológicos  y terapéuticos necesarios y acreditados. De lo contrario el ejercicio planificado o entablado será inocuo o perjudicial y podría llegar a ser beneficioso pero sería de una forma aleatoria y fortuita.<a rel="noreferrer noopener" href="http://www.apta.org/uploadedFiles/APTAorg/About_Us/Policies/BOD/Practice/CriteriaforStandardsofPractice.pdf" target="_blank">(1)</a>,<a rel="noreferrer noopener" href="https://www.google.es/url?sa=t&amp;rct=j&amp;q=&amp;esrc=s&amp;source=web&amp;cd=1&amp;cad=rja&amp;ved=0CEAQFjAA&amp;url=http%3A%2F%2Fwww.moveforwardpt.com%2Fasset.axd%3Fid%3D7531c13f-9696-419a-9c72-6eddb3bea462&amp;ei=5w-7UpOLAerI0wXy6YDIAQ&amp;usg=AFQjCNHFiajQgQeKm1p70ENDEfLIhs1b1Q&amp;sig2=22ynfAkuc0RyW8s8r6x9rw" target="_blank">(2)</a>&lt;</p>
