{"id":29,"date":"2022-05-13T06:20:22","date_gmt":"2022-05-13T06:20:22","guid":{"rendered":"https:\/\/www.vertebres.es\/cs\/?page_id=29"},"modified":"2022-05-16T21:40:42","modified_gmt":"2022-05-16T21:40:42","slug":"que-tratamos","status":"publish","type":"page","link":"https:\/\/www.vertebres.es\/cs\/que-tratamos\/","title":{"rendered":"Qu\u00e9 tratamos"},"content":{"rendered":"\n<h2 class=\"wp-block-heading\">Somos expertos en:<\/h2>\n\n\n\n<div class=\"wp-block-columns is-layout-flex wp-container-core-columns-is-layout-9d6595d7 wp-block-columns-is-layout-flex\">\n<div class=\"wp-block-column is-layout-flow wp-block-column-is-layout-flow\" style=\"flex-basis:66.66%\">\n<p>&#8211;<strong>Valoraci\u00f3n y Diagn\u00f3stico Funcional \/ Diferencial<\/strong>.<\/p>\n\n\n\n<p>&#8211;<strong>Terapia Manual<\/strong>.<\/p>\n\n\n\n<p>&#8211;<strong>Vendajes Funcionales<\/strong>&nbsp;\/&nbsp;<a href=\"https:\/\/www.vertebres.es\/cs\/los-vendajes-funcionales\/\">Neuromusculares<\/a>.<\/p>\n\n\n\n<p>&#8211;<a href=\"https:\/\/www.vertebres.es\/cs\/ejercicio-terapeutico\/\" target=\"_blank\" rel=\"noreferrer noopener\"><strong>Ejercicios Terap\u00e9uticos<\/strong><\/a>.<\/p>\n\n\n\n<p>-Tambi\u00e9n disponemos de electroterapia y termoterapia.<\/p>\n<\/div>\n\n\n\n<div class=\"wp-block-column is-layout-flow wp-block-column-is-layout-flow\" style=\"flex-basis:33.33%\">\n<figure class=\"wp-block-image size-large\"><img loading=\"lazy\" decoding=\"async\" width=\"768\" height=\"1024\" src=\"https:\/\/www.vertebres.es\/cs\/wp-content\/uploads\/2022\/05\/AT-768x1024.jpg\" alt=\"\" class=\"wp-image-159\" srcset=\"https:\/\/www.vertebres.es\/cs\/wp-content\/uploads\/2022\/05\/AT-768x1024.jpg 768w, https:\/\/www.vertebres.es\/cs\/wp-content\/uploads\/2022\/05\/AT-225x300.jpg 225w, https:\/\/www.vertebres.es\/cs\/wp-content\/uploads\/2022\/05\/AT-1152x1536.jpg 1152w, https:\/\/www.vertebres.es\/cs\/wp-content\/uploads\/2022\/05\/AT.jpg 1200w\" sizes=\"auto, (max-width: 768px) 100vw, 768px\" \/><figcaption>Somos especialistas en problemas del Suelo P\u00e9lvico.<\/figcaption><\/figure>\n<\/div>\n<\/div>\n\n\n\n<div class=\"wp-block-columns is-layout-flex wp-container-core-columns-is-layout-9d6595d7 wp-block-columns-is-layout-flex\">\n<div class=\"wp-block-column is-layout-flow wp-block-column-is-layout-flow\">\n<h2 class=\"wp-block-heading\"><strong>Campos y tipos de lesiones que tratamos:<\/strong><\/h2>\n<\/div>\n<\/div>\n\n\n\n<div class=\"wp-block-columns is-layout-flex wp-container-core-columns-is-layout-9d6595d7 wp-block-columns-is-layout-flex\">\n<div class=\"wp-block-column is-layout-flow wp-block-column-is-layout-flow\">\n<figure class=\"wp-block-image size-large\"><img loading=\"lazy\" decoding=\"async\" width=\"724\" height=\"1024\" src=\"https:\/\/www.vertebres.es\/cs\/wp-content\/uploads\/2022\/05\/av-724x1024.png\" alt=\"\" class=\"wp-image-161\" srcset=\"https:\/\/www.vertebres.es\/cs\/wp-content\/uploads\/2022\/05\/av-724x1024.png 724w, https:\/\/www.vertebres.es\/cs\/wp-content\/uploads\/2022\/05\/av-212x300.png 212w, https:\/\/www.vertebres.es\/cs\/wp-content\/uploads\/2022\/05\/av-768x1086.png 768w, https:\/\/www.vertebres.es\/cs\/wp-content\/uploads\/2022\/05\/av-1086x1536.png 1086w, https:\/\/www.vertebres.es\/cs\/wp-content\/uploads\/2022\/05\/av-1448x2048.png 1448w\" sizes=\"auto, (max-width: 724px) 100vw, 724px\" \/><figcaption>En V\u00e8rtebres hacemos fisioterapia en trastornos vestibulares.<\/figcaption><\/figure>\n<\/div>\n\n\n\n<div class=\"wp-block-column is-layout-flow wp-block-column-is-layout-flow\">\n<p>&#8211; Dolores y problemas musculo-esquel\u00e9ticos en general como cervicalgias, lumbalgias, mialgias (dolores musculares como las contracturas, los espasmos, las rupturas fibrilares, etc.), tendinopat\u00edas, lesiones de origen meniscal o&nbsp;<a href=\"https:\/\/www.vertebres.es\/cs\/esguinces\/\" target=\"_blank\" rel=\"noreferrer noopener\">ligamentoso<\/a>, etc.<\/p>\n\n\n\n<p>&#8211;&nbsp;<a href=\"https:\/\/www.vertebres.es\/cs\/suelo-pelvico-2\/\" target=\"_blank\" rel=\"noreferrer noopener\">Suelo p\u00e9lvico<\/a>: incontinencias urinarias, dolor p\u00e9lvico cr\u00f3nico, problemas derivados del embarazo y parto, entre otros.<\/p>\n\n\n\n<p>&#8211;&nbsp;<a href=\"https:\/\/www.vertebres.es\/cs\/vertigo-posicional-paroxistico-benigno\/\" target=\"_blank\" rel=\"noreferrer noopener\">Vestibulares<\/a>. Seg\u00fan el tipo de mareo o v\u00e9rtigo, la fisioterapia puede ayudar por medio de ejercicios terap\u00e9uticos y reeducativos orientados al problema vestibular.<\/p>\n\n\n\n<p>&#8211;&nbsp;<a href=\"https:\/\/www.vertebres.es\/cs\/articulacion-temporo-mandibular\/\" target=\"_blank\" rel=\"noreferrer noopener\">Trastornos de la Articulaci\u00f3n Temporo-Mandibular<\/a>.<\/p>\n\n\n\n<p>&#8211; Fisioterapia preventiva.<\/p>\n\n\n\n<p>&#8211; Postquir\u00fargico.<\/p>\n<\/div>\n<\/div>\n","protected":false},"excerpt":{"rendered":"<p>Somos expertos en: &#8211;Valoraci\u00f3n y Diagn\u00f3stico Funcional \/ Diferencial. &#8211;Terapia Manual. &#8211;Vendajes Funcionales&nbsp;\/&nbsp;Neuromusculares. &#8211;Ejercicios Terap\u00e9uticos. -Tambi\u00e9n disponemos de electroterapia y termoterapia. Campos y tipos de lesiones que tratamos:&#46;&#46;&#46;<\/p>\n","protected":false},"author":1,"featured_media":0,"parent":0,"menu_order":0,"comment_status":"closed","ping_status":"closed","template":"","meta":{"footnotes":""},"class_list":["post-29","page","type-page","status-publish","hentry"],"_links":{"self":[{"href":"https:\/\/www.vertebres.es\/cs\/wp-json\/wp\/v2\/pages\/29","targetHints":{"allow":["GET"]}}],"collection":[{"href":"https:\/\/www.vertebres.es\/cs\/wp-json\/wp\/v2\/pages"}],"about":[{"href":"https:\/\/www.vertebres.es\/cs\/wp-json\/wp\/v2\/types\/page"}],"author":[{"embeddable":true,"href":"https:\/\/www.vertebres.es\/cs\/wp-json\/wp\/v2\/users\/1"}],"replies":[{"embeddable":true,"href":"https:\/\/www.vertebres.es\/cs\/wp-json\/wp\/v2\/comments?post=29"}],"version-history":[{"count":8,"href":"https:\/\/www.vertebres.es\/cs\/wp-json\/wp\/v2\/pages\/29\/revisions"}],"predecessor-version":[{"id":462,"href":"https:\/\/www.vertebres.es\/cs\/wp-json\/wp\/v2\/pages\/29\/revisions\/462"}],"wp:attachment":[{"href":"https:\/\/www.vertebres.es\/cs\/wp-json\/wp\/v2\/media?parent=29"}],"curies":[{"name":"wp","href":"https:\/\/api.w.org\/{rel}","templated":true}]}}

Qué tratamos

<h2 class="wp-block-heading">Somos expertos en:</h2>



<div class="wp-block-columns is-layout-flex wp-container-core-columns-is-layout-9d6595d7 wp-block-columns-is-layout-flex">
<div class="wp-block-column is-layout-flow wp-block-column-is-layout-flow" style="flex-basis:66.66%">
<p>&#8211;<strong>Valoración y Diagnóstico Funcional / Diferencial</strong>.</p>



<p>&#8211;<strong>Terapia Manual</strong>.</p>



<p>&#8211;<strong>Vendajes Funcionales</strong>&nbsp;/&nbsp;<a href="https://www.vertebres.es/cs/los-vendajes-funcionales/">Neuromusculares</a>.</p>



<p>&#8211;<a href="https://www.vertebres.es/cs/ejercicio-terapeutico/" target="_blank" rel="noreferrer noopener"><strong>Ejercicios Terapéuticos</strong></a>.</p>



<p>-También disponemos de electroterapia y termoterapia.</p>
</div>



<div class="wp-block-column is-layout-flow wp-block-column-is-layout-flow" style="flex-basis:33.33%">
<figure class="wp-block-image size-large"><img loading="lazy" decoding="async" width="768" height="1024" src="https://www.vertebres.es/cs/wp-content/uploads/2022/05/AT-768x1024.jpg" alt="" class="wp-image-159" srcset="https://www.vertebres.es/cs/wp-content/uploads/2022/05/AT-768x1024.jpg 768w, https://www.vertebres.es/cs/wp-content/uploads/2022/05/AT-225x300.jpg 225w, https://www.vertebres.es/cs/wp-content/uploads/2022/05/AT-1152x1536.jpg 1152w, https://www.vertebres.es/cs/wp-content/uploads/2022/05/AT.jpg 1200w" sizes="auto, (max-width: 768px) 100vw, 768px" /><figcaption>Somos especialistas en problemas del Suelo Pélvico.</figcaption></figure>
</div>
</div>



<div class="wp-block-columns is-layout-flex wp-container-core-columns-is-layout-9d6595d7 wp-block-columns-is-layout-flex">
<div class="wp-block-column is-layout-flow wp-block-column-is-layout-flow">
<h2 class="wp-block-heading"><strong>Campos y tipos de lesiones que tratamos:</strong></h2>
</div>
</div>



<div class="wp-block-columns is-layout-flex wp-container-core-columns-is-layout-9d6595d7 wp-block-columns-is-layout-flex">
<div class="wp-block-column is-layout-flow wp-block-column-is-layout-flow">
<figure class="wp-block-image size-large"><img loading="lazy" decoding="async" width="724" height="1024" src="https://www.vertebres.es/cs/wp-content/uploads/2022/05/av-724x1024.png" alt="" class="wp-image-161" srcset="https://www.vertebres.es/cs/wp-content/uploads/2022/05/av-724x1024.png 724w, https://www.vertebres.es/cs/wp-content/uploads/2022/05/av-212x300.png 212w, https://www.vertebres.es/cs/wp-content/uploads/2022/05/av-768x1086.png 768w, https://www.vertebres.es/cs/wp-content/uploads/2022/05/av-1086x1536.png 1086w, https://www.vertebres.es/cs/wp-content/uploads/2022/05/av-1448x2048.png 1448w" sizes="auto, (max-width: 724px) 100vw, 724px" /><figcaption>En Vèrtebres hacemos fisioterapia en trastornos vestibulares.</figcaption></figure>
</div>



<div class="wp-block-column is-layout-flow wp-block-column-is-layout-flow">
<p>&#8211; Dolores y problemas musculo-esqueléticos en general como cervicalgias, lumbalgias, mialgias (dolores musculares como las contracturas, los espasmos, las rupturas fibrilares, etc.), tendinopatías, lesiones de origen meniscal o&nbsp;<a href="https://www.vertebres.es/cs/esguinces/" target="_blank" rel="noreferrer noopener">ligamentoso</a>, etc.</p>



<p>&#8211;&nbsp;<a href="https://www.vertebres.es/cs/suelo-pelvico-2/" target="_blank" rel="noreferrer noopener">Suelo pélvico</a>: incontinencias urinarias, dolor pélvico crónico, problemas derivados del embarazo y parto, entre otros.</p>



<p>&#8211;&nbsp;<a href="https://www.vertebres.es/cs/vertigo-posicional-paroxistico-benigno/" target="_blank" rel="noreferrer noopener">Vestibulares</a>. Según el tipo de mareo o vértigo, la fisioterapia puede ayudar por medio de ejercicios terapéuticos y reeducativos orientados al problema vestibular.</p>



<p>&#8211;&nbsp;<a href="https://www.vertebres.es/cs/articulacion-temporo-mandibular/" target="_blank" rel="noreferrer noopener">Trastornos de la Articulación Temporo-Mandibular</a>.</p>



<p>&#8211; Fisioterapia preventiva.</p>



<p>&#8211; Postquirúrgico.</p>
</div>
</div>

<p>Somos expertos en: &#8211;Valoración y Diagnóstico Funcional / Diferencial. &#8211;Terapia Manual. &#8211;Vendajes Funcionales&nbsp;/&nbsp;Neuromusculares. &#8211;Ejercicios Terapéuticos. -También disponemos de electroterapia y termoterapia. Campos y tipos de lesiones que tratamos:&#46;&#46;&#46;</p>
